at are the prime factors of 6220377?
3, 691153
What are the prime factors of 227838?
2, 3, 13, 23, 127
List the prime factors of 194177.
277, 701
List the prime factors of 209392.
2, 23, 569
List the prime factors of 8378.
2, 59, 71
List the prime factors of 12033008.
2, 13, 17, 41, 83
List the prime factors of 20689683.
3, 7, 353, 2791
List the prime factors of 482382.
2, 3, 8933
List the prime factors of 5729115.
3, 5, 7, 54563
List the prime factors of 1600289.
769, 2081
List the prime factors of 1553762.
2, 7, 29, 43, 89
What are the prime factors of 1019501?
7, 145643
List the prime factors of 1396696.
2, 7, 509
What are the prime factors of 312391?
37, 8443
What are the prime factors of 646384?
2, 71, 569
List the prime factors of 296522.
2, 173, 857
List the prime factors of 278195.
5, 55639
List the prime factors of 147355.
5, 13, 2267
What are the prime factors of 22798751?
17, 1341103
What are the prime factors of 1492171?
23, 64877
List the prime factors of 2299256.
2, 167, 1721
What are the prime factors of 16253755?
5, 7, 23, 61, 331
List the prime factors of 4091118.
2, 3, 17, 19, 2111
What are the prime factors of 2081598?
2, 3, 346933
List the prime factors of 220910.
2, 5, 22091
List the prime factors of 1064564.
2, 37, 7193
What are the prime factors of 316835?
5, 63367
List the prime factors of 8365174.
2, 61, 68567
List the prime factors of 13666971.
3, 1973, 2309
List the prime factors of 31682.
2, 7, 31, 73
What are the prime factors of 58915?
5, 11783
List the prime factors of 823440.
2, 3, 5, 47, 73
What are the prime factors of 109395?
3, 5, 11, 13, 17
List the prime factors of 412065.
3, 5, 9157
What are the prime factors of 9208779?
3, 59, 52027
What are the prime factors of 227038?
2, 7, 16217
What are the prime factors of 1548087?
3, 331, 1559
What are the prime factors of 658298?
2, 443, 743
What are the prime factors of 679557?
3, 29, 73, 107
What are the prime factors of 131463?
3, 541
What are the prime factors of 149676?
2, 3, 12473
What are the prime factors of 743466?
2, 3, 123911
What are the prime factors of 110021?
269, 409
List the prime factors of 1305140.
2, 5, 65257
List the prime factors of 1872953.
1872953
List the prime factors of 3224622.
2, 3, 79, 6803
What are the prime factors of 360045?
3, 5, 7, 127
What are the prime factors of 657848?
2, 82231
What are the prime factors of 264856?
2, 33107
What are the prime factors of 234113?
11, 21283
List the prime factors of 85327.
11, 7757
What are the prime factors of 577480?
2, 5, 14437
List the prime factors of 357625.
5, 2861
What are the prime factors of 4055274?
2, 3, 37, 6089
What are the prime factors of 1308288?
2, 3, 3407
What are the prime factors of 129201?
3, 43067
List the prime factors of 68952.
2, 3, 13, 17
List the prime factors of 275156.
2, 7, 31, 317
List the prime factors of 53147.
53147
List the prime factors of 30470.
2, 5, 11, 277
What are the prime factors of 107826?
2, 3, 17971
List the prime factors of 6363157.
19, 23, 14561
List the prime factors of 1492543.
13, 29, 37, 107
What are the prime factors of 20291736?
2, 3, 845489
What are the prime factors of 8686993?
7, 1240999
List the prime factors of 1236800.
2, 5, 773
List the prime factors of 6956274.
2, 3, 13, 101, 883
What are the prime factors of 214732?
2, 7, 7669
List the prime factors of 781878.
2, 3, 151, 863
List the prime factors of 218690.
2, 5, 19, 1151
What are the prime factors of 45911?
31, 1481
What are the prime factors of 2215401?
3, 619, 1193
What are the prime factors of 591458?
2, 7, 83, 509
List the prime factors of 2559139.
11, 83, 2803
List the prime factors of 840770.
2, 5, 7, 12011
What are the prime factors of 691664?
2, 139, 311
What are the prime factors of 253278?
2, 3, 14071
List the prime factors of 1942770.
2, 3, 5, 31, 2089
What are the prime factors of 2545715?
5, 19, 127, 211
What are the prime factors of 1284464?
2, 80279
List the prime factors of 22812.
2, 3, 1901
List the prime factors of 1990053.
3, 13, 73, 233
What are the prime factors of 479103?
3, 159701
List the prime factors of 134581.
134581
What are the prime factors of 42283916?
2, 10570979
List the prime factors of 3350028.
2, 3, 11, 41, 619
List the prime factors of 221910.
2, 3, 5, 13, 569
What are the prime factors of 7291225?
5, 291649
What are the prime factors of 801241?
7, 29, 3947
List the prime factors of 163100.
2, 5, 7, 233
What are the prime factors of 2959870?
2, 5, 17, 23, 757
What are the prime factors of 675411?
3, 11, 97, 211
What are the prime factors of 272425?
5, 17, 641
What are the prime factors of 562557?
3, 23, 31, 263
What are the prime factors of 16071959?
41, 391999
What are the prime factors of 5227334?
2, 7, 61, 6121
List the prime factors of 32469915.
3, 5, 17, 223, 571
What are the prime factors of 8447630?
2, 5, 844763
List the prime factors of 7118350.
2, 5, 19, 59, 127
List the prime factors of 22149439.
13, 479, 3557
What are the prime factors of 103929?
3, 7, 101
What are the prime factors of 3041067?
3, 37, 27397
List the prime factors of 3940915.
5, 11, 79, 907
List the prime factors of 2257058.
2, 53, 107, 199
List the prime factors of 10379283.
3, 1601, 2161
What are the prime factors of 6838959?
3, 2279653
List the prime factors of 136040.
2, 5, 19, 179
What are the prime factors of 1013063?
1013063
What are the prime factors of 358639?
23, 31, 503
What are the prime factors of 6415906?
2, 7, 79, 5801
List the prime factors of 359316.
2, 3, 1109
List the prime factors of 3909.
3, 1303
List the prime factors of 418764.
2, 3, 34897
List the prime factors of 147104.
2, 4597
What are the prime factors of 2152186?
2, 73, 14741
List the prime factors of 584346.
2, 3, 7, 13913
What are the prime factors of 200146?
2, 19, 23, 229
What are the prime factors of 768784?
2, 48049
List the prime factors of 4033666.
2, 7, 13, 37, 599
List the prime factors of 10494375.
3, 5, 29, 193
List the prime factors of 222885.
3, 5, 13, 127
List the prime factors of 446737.
53, 8429
List the prime factors of 288697.
288697
What are the prime factors of 543134?
2, 19, 14293
List the prime factors of 51257.
51257
List the prime factors of 15685834.
2, 7842917
List the prime factors of 1259449.
443, 2843
List the prime factors of 5542724.
2, 11, 23, 5477
What are the prime factors of 93346?
2, 11, 4243
What are the prime factors of 1815919?
7, 23, 11279
What are the prime factors of 4600942?
2, 71, 32401
List the prime factors of 2627003.
67, 39209
What are the prime factors of 9684149?
9684149
What are the prime factors of 5024864?
2, 13, 47, 257
What are the prime factors of 150429?
3, 41, 1223
List the prime factors of 3635864.
2, 454483
What are the prime factors of 708014?
2, 354007
List the prime factors of 61293.
3, 20431
List the prime factors of 2248374.
2, 3, 374729
What are the prime factors of 19300578?
2, 3, 11, 229, 1277
What are the prime factors of 274908?
2, 3, 31, 739
List the prime factors of 474770.
2, 5, 197, 241
List the prime factors of 3845552.
2, 240347
List the prime factors of 53623.
53623
List the prime factors of 35107790.
2, 5, 3510779
What are the prime factors of 14048728?
2, 79, 22229
What are the prime factors of 6170767?
31, 67, 2971
List the prime factors of 1221543.
3, 135727
What are the prime factors of 163856?
2, 7, 11, 19
List the prime factors of 3075916.
2, 768979
What are the prime factors of 167562?
2, 3, 29, 107
What are the prime factors of 115267?
73, 1579
What are the prime factors of 80221?
80221
List the prime factors of 257734.
2, 31, 4157
What are the prime factors of 1180450?
2, 5, 23609
What are the prime factors of 63410?
2, 5, 17, 373
What are the prime factors of 16841733?
3, 19, 15551
What are the prime factors of 2464691?
211, 11681
List the prime factors of 1630509.
3, 543503
List the prime factors of 2501054.
2, 1250527
List the prime factors of 4036991.
7, 241, 2393
List the prime factors of 8807568.
2, 3, 7, 11, 2383
What are the prime factors of 18997395?
3, 5, 1266493
List the prime factors of 165187.
11, 15017
What are the prime factors of 1622880?
2, 3, 5, 7, 23
What are the prime factors of 2332232?
2, 7, 41647
List the prime factors of 1060177.
1060177
What are the prime factors of 715535?